{"id":95,"date":"2014-08-08T17:34:56","date_gmt":"2014-08-08T14:34:56","guid":{"rendered":"http:\/\/hevoniemi.mainostoimistomuu.fi\/?page_id=95"},"modified":"2020-12-29T12:22:48","modified_gmt":"2020-12-29T10:22:48","slug":"lissandra","status":"publish","type":"page","link":"https:\/\/www.hevoniemi.com\/?page_id=95","title":{"rendered":"Lissandra"},"content":{"rendered":"<h3><a href=\"http:\/\/www.hevoniemi.com\/wp-content\/uploads\/2014\/08\/IMG_20151003_090206.jpg\"><img loading=\"lazy\" decoding=\"async\" class=\"alignleft size-full wp-image-307\" src=\"http:\/\/www.hevoniemi.com\/wp-content\/uploads\/2014\/08\/IMG_20151003_090206.jpg\" alt=\"IMG_20151003_090206\" width=\"561\" height=\"372\" srcset=\"https:\/\/www.hevoniemi.com\/wp-content\/uploads\/2014\/08\/IMG_20151003_090206.jpg 561w, https:\/\/www.hevoniemi.com\/wp-content\/uploads\/2014\/08\/IMG_20151003_090206-300x199.jpg 300w\" sizes=\"auto, (max-width: 561px) 100vw, 561px\" \/><\/a>Lissandra (Hannover)<\/h3>\n<p class=\"style5\" style=\"color: #000000;\">Synt. 16.5.2013<\/p>\n<p class=\"style5\" style=\"color: #000000;\">Lissaro v.d Helle \/ Beluga \/ Weltmeyer<\/p>\n<p class=\"style5\" style=\"color: #000000;\">Em\u00e4: <a title=\"Bellaza\" href=\"http:\/\/www.hevoniemi.com\/?page_id=113\">Bellaza<\/a><\/p>\n<p class=\"style5\" style=\"color: #000000;\">Raamikas, n\u00e4ytt\u00e4v\u00e4 ja hienoluonteinen tammavarsa, joka osaa liikkua. Erinomaiset jalka-asennot ja luonne t\u00e4ysi 10.Voitti kaksivuotiaana Ebef-tamman\u00e4yttelyn ja palkittiin 1A-palkinnolla. Sandra voitti Hannover- Championaatin 4-vuotiaana saaden mm.k\u00e4ynnist\u00e4 ja ratsastettavuudesta 9. Lis\u00e4ksi se on valtionvalio (St.Pr.) kandidaatti ja voitti my\u00f6s tammatestin. T\u00e4yssisar Lily Of Oaklands kilpailee PSG- tasolla.<\/p>\n<p class=\"style5\" style=\"color: #000000;\"><a href=\"https:\/\/www.youtube.com\/watch?v=ZE_erSzX8mE\" target=\"_blank\" rel=\"noopener\">Video varsasta 3 kk:n ik\u00e4isen\u00e4 &gt;&gt;<\/a><\/p>\n","protected":false},"excerpt":{"rendered":"<p>Lissandra (Hannover) Synt. 16.5.2013 Lissaro v.d Helle \/ Beluga \/ Weltmeyer Em\u00e4: Bellaza Raamikas, n\u00e4ytt\u00e4v\u00e4 ja hienoluonteinen tammavarsa, joka osaa liikkua. Erinomaiset jalka-asennot ja luonne t\u00e4ysi 10.Voitti kaksivuotiaana Ebef-tamman\u00e4yttelyn ja palkittiin 1A-palkinnolla. Sandra voitti Hannover- Championaatin 4-vuotiaana saaden mm.k\u00e4ynnist\u00e4 ja&#8230; <a class=\"more-link\" href=\"https:\/\/www.hevoniemi.com\/?page_id=95\">Continue Reading &rarr;<\/a><\/p>\n","protected":false},"author":1,"featured_media":0,"parent":15,"menu_order":0,"comment_status":"closed","ping_status":"closed","template":"","meta":{"footnotes":""},"class_list":["post-95","page","type-page","status-publish","hentry"],"_links":{"self":[{"href":"https:\/\/www.hevoniemi.com\/index.php?rest_route=\/wp\/v2\/pages\/95","targetHints":{"allow":["GET"]}}],"collection":[{"href":"https:\/\/www.hevoniemi.com\/index.php?rest_route=\/wp\/v2\/pages"}],"about":[{"href":"https:\/\/www.hevoniemi.com\/index.php?rest_route=\/wp\/v2\/types\/page"}],"author":[{"embeddable":true,"href":"https:\/\/www.hevoniemi.com\/index.php?rest_route=\/wp\/v2\/users\/1"}],"replies":[{"embeddable":true,"href":"https:\/\/www.hevoniemi.com\/index.php?rest_route=%2Fwp%2Fv2%2Fcomments&post=95"}],"version-history":[{"count":5,"href":"https:\/\/www.hevoniemi.com\/index.php?rest_route=\/wp\/v2\/pages\/95\/revisions"}],"predecessor-version":[{"id":413,"href":"https:\/\/www.hevoniemi.com\/index.php?rest_route=\/wp\/v2\/pages\/95\/revisions\/413"}],"up":[{"embeddable":true,"href":"https:\/\/www.hevoniemi.com\/index.php?rest_route=\/wp\/v2\/pages\/15"}],"wp:attachment":[{"href":"https:\/\/www.hevoniemi.com\/index.php?rest_route=%2Fwp%2Fv2%2Fmedia&parent=95"}],"curies":[{"name":"wp","href":"https:\/\/api.w.org\/{rel}","templated":true}]}}