{"id":2,"date":"2014-07-31T12:31:54","date_gmt":"2014-07-31T09:31:54","guid":{"rendered":"http:\/\/hevoniemi.mainostoimistomuu.fi\/?page_id=2"},"modified":"2022-12-03T09:59:17","modified_gmt":"2022-12-03T07:59:17","slug":"etusivu","status":"publish","type":"page","link":"https:\/\/www.hevoniemi.com\/","title":{"rendered":"Etusivu"},"content":{"rendered":"\n<p>Hevoniemen Ratsutalli sijaitsee Tammelassa, kauniissa Kanta-H\u00e4meess\u00e4. Tarjoamme tallipaikkoja kouluratsastuksesta kiinnostuneille ratsukoille. Valmennamme ratsukoita my\u00f6s maastak\u00e4sin ty\u00f6skentelyyn the Gentle Touch-metodin mukaisesti. Tallimme on suljettu talven 2022-2023, avaamme j\u00e4lleen huhtikuussa kes\u00e4n ajaksi. Tervetuloa!<\/p>\n\n\n<div class=\"wp-block-image size-large wp-image-387\">\n<figure class=\"alignleft\"><img loading=\"lazy\" decoding=\"async\" width=\"1024\" height=\"682\" src=\"http:\/\/www.hevoniemi.com\/wp-content\/uploads\/2020\/12\/IMG-20201105-WA0002-1024x682.jpg\" alt=\"Bounty PSG Yp\u00e4j\u00e4ll\u00e4\" class=\"wp-image-387\" srcset=\"https:\/\/www.hevoniemi.com\/wp-content\/uploads\/2020\/12\/IMG-20201105-WA0002-1024x682.jpg 1024w, https:\/\/www.hevoniemi.com\/wp-content\/uploads\/2020\/12\/IMG-20201105-WA0002-300x200.jpg 300w, https:\/\/www.hevoniemi.com\/wp-content\/uploads\/2020\/12\/IMG-20201105-WA0002-768x512.jpg 768w, https:\/\/www.hevoniemi.com\/wp-content\/uploads\/2020\/12\/IMG-20201105-WA0002-1536x1023.jpg 1536w, https:\/\/www.hevoniemi.com\/wp-content\/uploads\/2020\/12\/IMG-20201105-WA0002-600x400.jpg 600w, https:\/\/www.hevoniemi.com\/wp-content\/uploads\/2020\/12\/IMG-20201105-WA0002-945x630.jpg 945w, https:\/\/www.hevoniemi.com\/wp-content\/uploads\/2020\/12\/IMG-20201105-WA0002.jpg 1600w\" sizes=\"auto, (max-width: 1024px) 100vw, 1024px\" \/><figcaption class=\"wp-element-caption\">t. Syvh\u00f8jeg\u00e5rds Bounty om.Jaana Viher-Vehmas-Harju<\/figcaption><\/figure>\n<\/div>\n\n\n<h3 class=\"wp-block-heading\">&nbsp;<\/h3>\n\n\n\n<h3 class=\"wp-block-heading\"><span style=\"color: #33cccc;\"><em>Tervetuloa Hevoniemeen!<\/em><\/span><\/h3>\n\n\n\n<h3 class=\"wp-block-heading\">&nbsp;<\/h3>\n\n\n\n<h3 class=\"wp-block-heading\">&nbsp;<\/h3>\n\n\n\n<h3 class=\"wp-block-heading\">&nbsp;<\/h3>\n\n\n\n<h3 class=\"wp-block-heading\">&nbsp;<\/h3>\n\n\n\n<h3 class=\"wp-block-heading\">&nbsp;<\/h3>\n\n\n\n<h3 class=\"wp-block-heading\">&nbsp;<\/h3>\n\n\n\n<p><\/p>\n","protected":false},"excerpt":{"rendered":"<p>Hevoniemen Ratsutalli sijaitsee Tammelassa, kauniissa Kanta-H\u00e4meess\u00e4. Tarjoamme tallipaikkoja kouluratsastuksesta kiinnostuneille ratsukoille. Valmennamme ratsukoita my\u00f6s maastak\u00e4sin ty\u00f6skentelyyn the Gentle Touch-metodin mukaisesti. Tallimme on suljettu talven 2022-2023, avaamme j\u00e4lleen huhtikuussa kes\u00e4n ajaksi. Tervetuloa! &nbsp; Tervetuloa Hevoniemeen! &nbsp; &nbsp; &nbsp; &nbsp; &nbsp; &nbsp;<\/p>\n","protected":false},"author":1,"featured_media":0,"parent":0,"menu_order":1,"comment_status":"closed","ping_status":"closed","template":"","meta":{"footnotes":""},"class_list":["post-2","page","type-page","status-publish","hentry"],"_links":{"self":[{"href":"https:\/\/www.hevoniemi.com\/index.php?rest_route=\/wp\/v2\/pages\/2","targetHints":{"allow":["GET"]}}],"collection":[{"href":"https:\/\/www.hevoniemi.com\/index.php?rest_route=\/wp\/v2\/pages"}],"about":[{"href":"https:\/\/www.hevoniemi.com\/index.php?rest_route=\/wp\/v2\/types\/page"}],"author":[{"embeddable":true,"href":"https:\/\/www.hevoniemi.com\/index.php?rest_route=\/wp\/v2\/users\/1"}],"replies":[{"embeddable":true,"href":"https:\/\/www.hevoniemi.com\/index.php?rest_route=%2Fwp%2Fv2%2Fcomments&post=2"}],"version-history":[{"count":5,"href":"https:\/\/www.hevoniemi.com\/index.php?rest_route=\/wp\/v2\/pages\/2\/revisions"}],"predecessor-version":[{"id":450,"href":"https:\/\/www.hevoniemi.com\/index.php?rest_route=\/wp\/v2\/pages\/2\/revisions\/450"}],"wp:attachment":[{"href":"https:\/\/www.hevoniemi.com\/index.php?rest_route=%2Fwp%2Fv2%2Fmedia&parent=2"}],"curies":[{"name":"wp","href":"https:\/\/api.w.org\/{rel}","templated":true}]}}