{"id":15,"date":"2014-07-31T15:48:03","date_gmt":"2014-07-31T12:48:03","guid":{"rendered":"http:\/\/hevoniemi.mainostoimistomuu.fi\/?page_id=15"},"modified":"2014-08-22T06:05:25","modified_gmt":"2014-08-22T03:05:25","slug":"kasvatus","status":"publish","type":"page","link":"https:\/\/www.hevoniemi.com\/?page_id=15","title":{"rendered":"Kasvatus"},"content":{"rendered":"<h3><span style=\"color: #33cccc;\">Pienimuotoista kasvatustoimintaa vuodesta 2003<br \/>\n<\/span><\/h3>\n<p>Kasvatustoiminta perustuu laadukkaisiin tammoihin, joilla on hyv\u00e4 ratsastettavuus. Is\u00e4orit valitaan huolellisesti, yhdistelmien tavoitteena on moderni hyv\u00e4liikkeinen suoritushevonen. Tammamme edustavat hyvi\u00e4 saksalaisia Hannover- tammalinjoja.<\/p>\n<p><strong>Kasvattejamme:<\/strong><\/p>\n<p>2014:<\/p>\n<ul>\n<li><a title=\"Diamanda\" href=\"http:\/\/www.hevoniemi.com\/?page_id=92\">t. Diamanda<\/a><\/li>\n<\/ul>\n<p>2013:<\/p>\n<ul>\n<li><a title=\"Lissandra\" href=\"http:\/\/www.hevoniemi.com\/?page_id=95\">t. Lissandra<\/a><\/li>\n<li><a title=\"Lacomtessa\" href=\"http:\/\/www.hevoniemi.com\/?page_id=97\">t. Lacomtessa<\/a><\/li>\n<\/ul>\n<p>2011:<\/p>\n<ul>\n<li><a title=\"Lily of Oaklands\" href=\"http:\/\/www.hevoniemi.com\/?page_id=99\">Lily of Oaklands<\/a><\/li>\n<\/ul>\n<p>2010:<\/p>\n<ul>\n<li><a title=\"Belfleur\" href=\"http:\/\/www.hevoniemi.com\/?page_id=101\">t. Belfleur<\/a><\/li>\n<\/ul>\n<p>2009:<\/p>\n<ul>\n<li><a title=\"Quintessa\" href=\"http:\/\/www.hevoniemi.com\/?page_id=103\">t. Quintessa<\/a><\/li>\n<li><a title=\"Felicienne Noire\" href=\"http:\/\/www.hevoniemi.com\/?page_id=105\">t. Felicienne Noire<\/a><\/li>\n<\/ul>\n<p>2008:<\/p>\n<ul>\n<li><a title=\"Samba Rico\" href=\"http:\/\/www.hevoniemi.com\/?page_id=107\">r.\u00a0Samba Rico<\/a><\/li>\n<\/ul>\n<p>2007:<\/p>\n<ul>\n<li><a title=\"San Belize\" href=\"http:\/\/www.hevoniemi.com\/?page_id=109\">San Belize<\/a><\/li>\n<\/ul>\n<p>2005:<\/p>\n<ul>\n<li><a title=\"Riccardo\" href=\"http:\/\/www.hevoniemi.com\/?page_id=111\">Riccardo<\/a><\/li>\n<\/ul>\n<p>2003:<\/p>\n<ul>\n<li><a title=\"Bellaza\" href=\"http:\/\/www.hevoniemi.com\/?page_id=113\">t. Bellaza<\/a><\/li>\n<\/ul>\n","protected":false},"excerpt":{"rendered":"<p>Pienimuotoista kasvatustoimintaa vuodesta 2003 Kasvatustoiminta perustuu laadukkaisiin tammoihin, joilla on hyv\u00e4 ratsastettavuus. Is\u00e4orit valitaan huolellisesti, yhdistelmien tavoitteena on moderni hyv\u00e4liikkeinen suoritushevonen. Tammamme edustavat hyvi\u00e4 saksalaisia Hannover- tammalinjoja. Kasvattejamme: 2014: t. Diamanda 2013: t. Lissandra t. Lacomtessa 2011: Lily of Oaklands&#8230; <a class=\"more-link\" href=\"https:\/\/www.hevoniemi.com\/?page_id=15\">Continue Reading &rarr;<\/a><\/p>\n","protected":false},"author":1,"featured_media":0,"parent":0,"menu_order":4,"comment_status":"closed","ping_status":"closed","template":"","meta":{"footnotes":""},"class_list":["post-15","page","type-page","status-publish","hentry"],"_links":{"self":[{"href":"https:\/\/www.hevoniemi.com\/index.php?rest_route=\/wp\/v2\/pages\/15","targetHints":{"allow":["GET"]}}],"collection":[{"href":"https:\/\/www.hevoniemi.com\/index.php?rest_route=\/wp\/v2\/pages"}],"about":[{"href":"https:\/\/www.hevoniemi.com\/index.php?rest_route=\/wp\/v2\/types\/page"}],"author":[{"embeddable":true,"href":"https:\/\/www.hevoniemi.com\/index.php?rest_route=\/wp\/v2\/users\/1"}],"replies":[{"embeddable":true,"href":"https:\/\/www.hevoniemi.com\/index.php?rest_route=%2Fwp%2Fv2%2Fcomments&post=15"}],"version-history":[{"count":5,"href":"https:\/\/www.hevoniemi.com\/index.php?rest_route=\/wp\/v2\/pages\/15\/revisions"}],"predecessor-version":[{"id":212,"href":"https:\/\/www.hevoniemi.com\/index.php?rest_route=\/wp\/v2\/pages\/15\/revisions\/212"}],"wp:attachment":[{"href":"https:\/\/www.hevoniemi.com\/index.php?rest_route=%2Fwp%2Fv2%2Fmedia&parent=15"}],"curies":[{"name":"wp","href":"https:\/\/api.w.org\/{rel}","templated":true}]}}